 is the thousands digit of 1001?
1
What is the hundreds digit of 28889?
8
What is the units digit of 5584?
4
What is the units digit of 2201?
1
What is the tens digit of 41?
4
What is the tens digit of 219?
1
What is the units digit of 3035?
5
What is the units digit of 1607?
7
What is the hundreds digit of 716?
7
What is the units digit of 42779?
9
What is the thousands digit of 6057?
6
What is the hundred thousands digit of 162019?
1
What is the units digit of 3586?
6
What is the thousands digit of 3186?
3
What is the hundreds digit of 30398?
3
What is the hundreds digit of 59002?
0
What is the tens digit of 487?
8
What is the ten thousands digit of 48622?
4
What is the units digit of 4790?
0
What is the tens digit of 1029?
2
What is the tens digit of 15244?
4
What is the units digit of 755?
5
What is the hundreds digit of 215?
2
What is the tens digit of 277?
7
What is the ten thousands digit of 30220?
3
What is the thousands digit of 38272?
8
What is the hundreds digit of 5073?
0
What is the units digit of 17265?
5
What is the tens digit of 6566?
6
What is the tens digit of 42978?
7
What is the hundreds digit of 33129?
1
What is the tens digit of 127754?
5
What is the thousands digit of 3805?
3
What is the tens digit of 13166?
6
What is the hundreds digit of 1648?
6
What is the units digit of 8807?
7
What is the tens digit of 570?
7
What is the units digit of 61623?
3
What is the ten thousands digit of 13874?
1
What is the thousands digit of 1911?
1
What is the hundreds digit of 1869?
8
What is the hundreds digit of 72671?
6
What is the hundreds digit of 13438?
4
What is the tens digit of 10111?
1
What is the tens digit of 156146?
4
What is the units digit of 3115?
5
What is the tens digit of 1478?
7
What is the hundreds digit of 1412?
4
What is the tens digit of 799?
9
What is the tens digit of 584?
8
What is the tens digit of 31066?
6
What is the tens digit of 11085?
8
What is the hundreds digit of 9276?
2
What is the units digit of 66217?
7
What is the tens digit of 82179?
7
What is the hundreds digit of 1351?
3
What is the thousands digit of 3420?
3
What is the tens digit of 1194?
9
What is the hundreds digit of 10881?
8
What is the tens digit of 22831?
3
What is the ten thousands digit of 84388?
8
What is the hundreds digit of 28886?
8
What is the hundreds digit of 2876?
8
What is the units digit of 3421?
1
What is the units digit of 426?
6
What is the thousands digit of 8791?
8
What is the tens digit of 2641?
4
What is the tens digit of 783?
8
What is the ten thousands digit of 58263?
5
What is the ten thousands digit of 38500?
3
What is the hundreds digit of 4863?
8
What is the hundreds digit of 942?
9
What is the tens digit of 952?
5
What is the thousands digit of 77836?
7
What is the units digit of 14152?
2
What is the hundreds digit of 1015?
0
What is the units digit of 1534?
4
What is the hundreds digit of 393?
3
What is the hundreds digit of 9306?
3
What is the hundreds digit of 1287?
2
What is the tens digit of 1248?
4
What is the tens digit of 3842?
4
What is the ten thousands digit of 21087?
2
What is the tens digit of 4417?
1
What is the units digit of 1347?
7
What is the ten thousands digit of 26680?
2
What is the hundreds digit of 1211?
2
What is the tens digit of 994?
9
What is the thousands digit of 57886?
7
What is the units digit of 9724?
4
What is the units digit of 14085?
5
What is the tens digit of 857?
5
What is the hundreds digit of 454?
4
What is the tens digit of 2102?
0
What is the units digit of 6918?
8
What is the thousands digit of 138476?
8
What is the hundreds digit of 8048?
0
What is the hundreds digit of 57410?
4
What is the units digit of 9099?
9
What is the thousands digit of 58482?
8
What is the thousands digit of 7672?
7
What is the tens digit of 695?
9
What is the units digit of 23?
3
What is the tens digit of 5607?
0
What is the units digit of 1083?
3
What is the ten thousands digit of 61398?
6
What is the tens digit of 3896?
9
What is the ten thousands digit of 22674?
2
What is the tens digit of 16105?
0
What is the tens digit of 85?
8
What is the hundreds digit of 31051?
0
What is the tens digit of 14385?
8
What is the tens digit of 854?
5
What is the thousands digit of 1898?
1
What is the hundreds digit of 4136?
1
What is the hundreds digit of 122316?
3
What is the tens digit of 1482?
8
What is the hundreds digit of 13677?
6
What is the thousands digit of 3928?
3
What is the hundreds digit of 143387?
3
What is the hundreds digit of 6187?
1
What is the thousands digit of 18344?
8
What is the hundreds digit of 91882?
8
What is the tens digit of 684?
8
What is the hundreds digit of 2978?
9
What is the units digit of 8409?
9
What is the hundreds digit of 61322?
3
What is the hundreds digit of 1838?
8
What is the units digit of 920?
0
What is the hundred thousands digit of 131365?
1
What is the thousands digit of 11710?
1
What is the units digit of 105682?
2
What is the tens digit of 1411?
1
What is the units digit of 1345?
5
What is the ten thousands digit of 11728?
1
What is the tens digit of 3748?
4
What is the tens digit of 1013?
1
What is the units digit of 4559?
9
What is the units digit of 212?
2
What is the units digit of 975?
5
What is the tens digit of 84826?
2
What is the hundreds digit of 1794?
7
What is the thousands digit of 143280?
3
What is the tens digit of 7720?
2
What is the tens digit of 38943?
4
What is the tens digit of 5409?
0
What is the units digit of 415?
5
What is the hundreds digit of 4590?
5
What is the thousands digit of 8905?
8
What is the thousands digit of 23721?
3
What is the units digit of 15280?
0
What is the hundreds digit of 566?
5
What is the tens digit of 26635?
3
What is the units digit of 9239?
9
What is the hundreds digit of 191?
1
What is the thousands digit of 5113?
5
What is the thousands digit of 2441?
2
What is the hundreds digit of 4697?
6
What is the units digit of 4602?
2
What is the hundreds digit of 331?
3
What is the tens digit of 16112?
1
What is the units digit of 843?
3
What is the units digit of 484?
4
What is the units digit of 6031?
1
What is the tens digit of 35446?
4
What is the hundreds digit of 9216?
2
What is the ten thousands digit of 43799?
4
What is the units digit of 11379?
9
What is the units digit of 367?
7
What is the ten thousands digit of 109976?
0
What is the hundreds digit of 192?
1
What is the tens digit of 9880?
8
What is the ten thousands digit of 24669?
2
What is the hundreds digit of 12155?
1
What is the tens digit of 2913?
1
What is the units digit of 973?
3
What is the tens digit of 20335?
3
What is the tens digit of 14?
1
What is the hundreds digit of 4819?
8
What is the units digit of 34232?
2
What is the thousands digit of 36248?
6
What is the units digit of 1901?
1
What is the hundreds digit of 34466?
4
What is the hundreds digit of 21182?
1
What is the tens digit of 1109?
0
What is the tens digit of 717?
1
What is the hundreds digit of 4533?
5
What is the thousands digit of 20910?
0
What is the hundreds digit of 1511?
5
What is the hundreds digit of 968?
9
What is the tens digit of 3976?
7
What is the tens digit of 298?
9
What is the units digit of 1162?
2
What is the thousands digit of 41957?
1
What is the tens digit of 206?
0
What is the ten thousands digit of 40702?
4
What is the hundreds digit of 31417?
4
What is the units digit of 281?
1
What is the units digit of 3230?
0
What is the tens digit of 3071?
7
What is the hundreds digit of 4431?
4
What is the thousands digit of 27931?
7
What is the hundreds digit of 70060?
0
What is the tens digit of 20406?
0
What is the thousands digit of 49583?
9
What is the units digit of 420?
0
What is the ten thousands digit of 10696?
1
What is the tens digit of 9189?
8
What is the hundreds digit of 10404?
4
What is the units digit of 5978?
8
What is the tens digit of 16582?
8
What is the units digit of 39707?
7
What is the ten thousands digit of 14020?
1
What is the hundreds digit of 55506?
5
What is the ten thousands digit of 57617?
5
What is the tens digit of 3785?
8
What is the tens digit of 951?
5
What is the units digit of 45519?
9
What is the hundreds digit of 14305?
3
What is the units digit of 728?
8
What is the hundred thousands digit of 159183?
1
What is the 